 - 5. Let g(d) = -11*s(d) - 2*t(d). Suppose -504*i + 508*i - 3*v = 0, 5*v = -6*i. Determine g(i).
7
Let g(d) = -2*d**2 - 15*d - 25. Let f(c) = 957*c + 2869. Let v be f(-3). Give g(v).
-3
Let k(y) = -y**2 - 11*y - 12. Let d be k(-9). Let j be (-74)/(-111) + 1*38/d. Let h(s) = -2*s - 1 - 4*s + 3*s + 2*s. Give h(j).
-8
Let l(o) be the first derivative of 4*o**2 - 7*o**2 + o - 6*o**2 - 84 + 0*o**2. Calculate l(1).
-17
Let q(o) = o**2 + 8*o - 15. Let j be q(-9). Let h = 28 + -23. Let f(l) = 5*l - 3. Let s(a) = 6*a - 4. Let p(v) = h*f(v) - 4*s(v). Give p(j).
-5
Let u be 14*7/(-14) + 82. Let r(c) = 28 + 28 + 19 - u - c. What is r(3)?
-3
Suppose -2*r - 9 = -5*k, -1202*k + 1199*k - 7 = 5*r. Let w(s) = 2*s**3 - 4*s**2 - 18*s - 4. Determine w(r).
0
Let w(f) = -20*f + 20. Let q be w(-2). Suppose 24 = -48*r + q*r. Let s(h) = 8*h + 2. Give s(r).
18
Let l(t) = 2*t**3 + 46*t**2 + 3*t + 69. Let g be l(-23). Let j(o) be the third derivative of -1/12*o**4 + 0*o - 24*o**2 + g - o**3. Determine j(-4).
2
Let n be 9/(-1*3) + 23 + (-204)/12. Let h(d) = 3*d**3 - 5*d**2 - 4*d + 6. What is h(n)?
30
Let f(i) be the first derivative of -i**4/4 - 17*i**3/3 - 3*i**2/2 - 22*i - 501. What is f(-17)?
29
Let v(b) = b**3 - 4*b**2 + 2*b + 5. Let q be v(3). Let w(i) = 8 + 3 - 10 - q*i**2 + 2 + 3*i. Calculate w(3).
-6
Let q = 713 - 706. Let f(s) = 2 + 2*s + 6*s - 9*s. Determine f(q).
-5
Let f(v) = 237 - 702 + 233 + 9*v + 228. What is f(2)?
14
Let a(y) = y**2 + 5*y + 3. Let m(x) = x**2 + 2*x + 1. Let l(r) = -a(r) + 2*m(r). Suppose 0 = d, 3*o + 3*d + 1 - 37 = 0. Let k = o + -13. What is l(k)?
1
Let k be (-2)/((-65)/30 - (-24)/16). Let q(f) = -2*f + 3. Give q(k).
-3
Let i(p) = p**2 + 18*p + 28. Let x be 8*(6/(-10) - 483/(-105)). Suppose -17*h - x = -15*h. Determine i(h).
-4
Let k(u) = -u**3 + 2*u**2 - 2*u + 3. Suppose -6 = -2*n, 317 = a + 4*a + 4*n. Suppose -5*o - 11 = -a. Suppose 5*l = -0*l, -5*w - 2*l + o = 0. Determine k(w).
-1
Let y(g) = 6*g - 92 + 206*g**2 + 194*g**2 - 399*g**2. What is y(-13)?
-1
Let h be 537 - 528 - (8 - (-1 - -1)). Let f(a) = 36*a**2 + 2*a - 1. Determine f(h).
37
Let u(p) be the third derivative of -p**4/24 + p**2. Let o be 5*(-3)/((-75)/1055). Suppose -213 + o = -w. Calculate u(w).
-2
Let y(w) = 3*w**2 + 3686*w - 7377*w + 9 + 3686*w. Determine y(4).
37
Let r(j) = -j - 14. Suppose 29*g - 32*g + 6 = 2*v, 5*v = 3*g - 27. Suppose 5*s = -t - 22, 0 = -5*t + 3*s - g*s - 62. Give r(t).
-2
Let o = 178 + -181. Let z be ((-1)/(-1))/(7/35). Let y(h) = -z*h - 8*h + 14*h. What is y(o)?
-3
Let c(n) = 51*n + 148. Suppose 43*w - 11*w = 17*w - 45. Give c(w).
-5
Let l be (4/(-8))/((-2)/12). Let q(g) be the third derivative of 1/60*g**6 + 0*g - 2/3*g**3 - 1/20*g**5 + 30*g**2 - 1/24*g**4 + 0. Calculate q(l).
20
Let w(o) be the third derivative of o**4/12 + 5*o**3/2 - 54*o**2 - o. Let l(m) = m**3 + 5*m**2 + 7*m + 7. Let k be l(-4). What is w(k)?
5
Let o(k) = k + 1. Let h(w) = -4*w - 6. Let l(a) = -2*h(a) - 11*o(a). Let s be (1/(-4))/(61/(-976)). Let c(t) = -t**2 + 4*t + 1. Let q be c(s). Give l(q).
-2
Let k(h) = -359*h + 1. Let m(t) = -300*t - 1. Let i(r) = -5*k(r) + 6*m(r). Calculate i(13).
-76
Let i = 3 - 3. Let r(g) = -g + i*g + 0*g. Let t = 1239 - 1240. Give r(t).
1
Let i = 111 - 105. Let u = 19 - 9. Let q(w) = -i*w**2 + u*w + 5*w**2 + w**2 + w**2 + 1. Give q(-9).
-8
Let z(t) be the first derivative of t**6/120 - t**5/60 + t**4/24 - t**3/6 - 61*t**2/2 - 40. Let l(b) be the second derivative of z(b). Give l(2).
5
Let f(j) = 174*j + 421. Let x(u) = 85*u + 195. Let r(z) = -6*f(z) + 13*x(z). Calculate r(2).
131
Let j(w) be the first derivative of w**4/4 - 10*w**3/3 + 9*w**2/2 + 5*w - 930. What is j(8)?
-51
Let z(k) = k**3 + 2*k + 33*k**2 - 29*k**2 + 3 - k. Let g = -125 + -3. Let a = 124 + g. Give z(a).
-1
Let t(d) = 5*d**2 + 38*d - 3. Let n be t(-8). Let p(x) = x**2 - 13*x + 26. Determine p(n).
26
Let d(l) = -8*l - 26. Let o = 34 + -34. Suppose 8*z + 29 + 3 = o. Give d(z).
6
Let x be (3698/129 + -27)/(10/(-72)). Let s(d) = 2*d + 12 + d - 2*d. Determine s(x).
0
Let o(v) = v**3 + 4*v**2 - 5*v - 15. Let x(c) = -c**2 - 17*c + 1047. Let r be x(25). Give o(r).
9
Let n(t) be the second derivative of -t**4/12 + t**3/3 - t**2/2 - 4*t. Let r = -3980 - -3986. What is n(r)?
-25
Let l(i) = -i**2 + 2*i**2 - 29941 + 29952 + 2*i**2 - 3*i. Give l(0).
11
Let i(j) = -6*j - 175. Let l(k) = -18*k - 529. Let q(r) = 17*i(r) - 6*l(r). Let o be q(-34). Let c(p) = -3*p**2 - 7*p - 2. Give c(o).
-42
Let v(w) = -w**2 - 4*w + 3. Let b be 10/(-40) + (-229)/(-4). Let t = 60 - b. Suppose 4*g = t*u - 26, -4*g - 24 = 2*u - 4*u. Calculate v(g).
-2
Let s(c) = -56 + 865*c - 1844*c + 982*c. Calculate s(14).
-14
Let b(y) = -52881 + 52867 + 0*y**2 - y + y**2. Determine b(-3).
-2
Suppose 55*n - 36 = j + 56*n, -2*n - 2 = 0. Let m(l) = 2*l**2 + 72*l + 68. What is m(j)?
-2
Let l(t) = -t**3 + t**2 - 6. Let r be l(0). Let j(u) = -1188*u**3 - 4*u - 1159*u**3 - 7*u**2 + 2346*u**3 + 4. What is j(r)?
-8
Let p = -18 - -15. Let a be p/2*15/10*-4. Let l(n) = 35*n**2 - 8*n - a + 1 - 36*n**2 + 0*n. Give l(-7).
-1
Let o(z) = -2*z**2 - 199*z + 296. Let d be o(-101). Let i(l) be the first derivative of l**4/4 + 2*l**3 - 5*l**2 - 12*l - 4. Give i(d).
9
Let c(f) = -40*f - 42*f + 84*f - 47. What is c(21)?
-5
Let v = -43 - -43. Suppose -2*r + 10 = o, -2*o + 4*r - 2 - 2 = v. Let m(j) = -4*j - 3 - 2 + 7*j. Determine m(o).
7
Let v be (2/((-1)/(3/9)))/(132/990). Let u(r) = -r**2 + r + 7. Calculate u(v).
-23
Let h(l) = -2*l + 52. Let v(b) = -12*b + 242. Let j(m) = -14*h(m) + 3*v(m). Give j(-6).
46
Suppose -4*c = 3*v - 32, -9*v + 14*v - 42 = -c. Let a(n) = -3*n - 27. What is a(v)?
-51
Let n(y) be the third derivative of y**5/60 + y**4/12 + y**3/2 - 406*y**2. Give n(-6).
27
Let j(n) = n**2 - 12*n + 13. Let a be (-730)/6*99/(-55). Let g = -210 + a. What is j(g)?
-14
Let k(c) = 20*c**2 + 20*c - 20. Let w(l) = 73*l**2 + 80*l - 79. Let n(h) = -11*k(h) + 3*w(h). What is n(18)?
19
Let g(p) = 5*p - 247. Let k be g(51). Suppose -2*w = -2*h - 14, w - 39 = k*h - 3*h. Let f(r) = 3*r + 10. Determine f(h).
-14
Let b(z) be the first derivative of -z**4/4 + z**3/3 + 11*z - 1. Suppose 43 = 4*l + 23, 2173 = -4*i - 3*l. Let c = 547 + i. Calculate b(c).
11
Let f(a) = a**2 + 2*a - 2803. Let z be f(52). Let w(r) = -r**2 + 12*r - 23. Give w(z).
12
Let o(r) = -35*r**3 - 3*r**2 - 6*r + 2. Let k(l) = 192*l**3 + 13*l**2 + 31*l - 10. Let s(q) = 2*k(q) + 11*o(q). Let p = 1 - -1. Let j = -8 + p. What is s(j)?
-10
Let q = -25 - -23. Let c be q/(-3) - (-3 - (-31)/(-3)). Let u(f) = -2 + 3*f**2 - c + 9*f - f**2 - f**2. What is u(-11)?
6
Suppose -5*c - 63 = -78. Suppose -5*f = -2*v - 1, -2*f - 11 = 2*v + c*f. Let j(l) = -l**3 - 3*l**2 - 2*l - 2. What is j(v)?
4
Let i(d) = d**2 - 9*d + 1 - 2 - 6. Let q = -351487 - -351494. What is i(q)?
-21
Suppose 4*r - 10*v + 7*v = 43, 25 = 2*r - 5*v. Suppose 23 = p - 3*f, 5*p + f - r = 25. Let q(o) = -o**3 + 8*o**2 - o. What is q(p)?
-8
Let j(l) be the first derivative of -l**3/3 - l**2 + 3*l - 11565. Let x be ((-6)/(-4))/((-6)/24). What is j(x)?
-21
Let c(p) = -p**3 + 14. Suppose 13*b + 6 = -20. Let w be 3/6 - (-1)/b. Determine c(w).
14
Let k(n) be the second derivative of -1/12*n**4 - n**2 - 5/6*n**3 + 210*n + 2. Calculate k(-6).
-8
Let h(w) be the first derivative of w**7/840 - 7*w**6/360 - w**4/12 + 251*w**3/3 - 177. Let d(s) be the third derivative of h(s). What is d(7)?
-2
Let q(d) = -9*d - 55. Let v = 25809 - 25818. Determine q(v).
26
Let q(w) = -w**3 + 19*w**2 + 9*w - 4. Let i(m) = m**3 - 15*m**2 - 7*m + 3. Let a(x) = 4*i(x) + 3*q(x). What is a(-2)?
-18
Let b(x) = -x**3 - 7*x**2 - 6*x - 1. Let w = 17 - 14. Let o be (-4)/8*(w - (0 + -7)). Determine b(o).
-21
Let i(r) = -r**3 + r - 3. Let o be 4/38 + (-3066)/(-114). Suppose -7*g = -o + 41. Give i(g).
3
Let c(o) = 4*o - 33 + 5 - o**2 + 31. Let v = -16 - -19. Give c(v).
6
Let n(z) = -z**2 + 6*z - 7. Let l be 72/(-5) - 4/(-10). Let h(y) = -2*y**2 - 24*y + 61. Let r be h(l). What is n(r)?
-2
Let y(z) = z**2 - 14*z + 7. Let v(q) = -7*q - 22. Suppose l + 2*a - 6 = -5, 4*l = 4*a - 32. Let d be v(l). Determine y(d).
-6
Let k(q) = -q + 6. Suppose 45 = 2*g - 2*x - 45, -4*x + 108 = 2*g. Let w = g - 45. What is k(w)?
3
Let q = -22 + 18. Let k(w) = -4*w - 9. Let g be k(q). Let m(r) = -r + 0*r + 13 -